{"id":664,"date":"2014-07-10T12:01:20","date_gmt":"2014-07-10T10:01:20","guid":{"rendered":"http:\/\/orgelbauverein-moelln.de\/?page_id=664"},"modified":"2018-11-25T23:55:02","modified_gmt":"2018-11-25T22:55:02","slug":"beitrittformular","status":"publish","type":"page","link":"https:\/\/orgelbauverein-moelln.de\/?page_id=664","title":{"rendered":"Mitgliedschaft"},"content":{"rendered":"<figure id=\"attachment_739\" aria-describedby=\"caption-attachment-739\" style=\"width: 300px\" class=\"wp-caption alignnone\"><a href=\"https:\/\/orgelbauverein-moelln.de\/wp-content\/uploads\/2014\/07\/IMG_0084.jpg\"><img loading=\"lazy\" decoding=\"async\" class=\"wp-image-739 size-medium\" src=\"https:\/\/orgelbauverein-moelln.de\/wp-content\/uploads\/2014\/07\/IMG_0084-300x255.jpg\" alt=\"Der erhaltenswerte Orgelprospekt stammt von B\u00fcnting 1754\" width=\"300\" height=\"255\" title=\"Mitgliedschaft\" srcset=\"https:\/\/orgelbauverein-moelln.de\/wp-content\/uploads\/2014\/07\/IMG_0084-300x255.jpg 300w, https:\/\/orgelbauverein-moelln.de\/wp-content\/uploads\/2014\/07\/IMG_0084.jpg 800w\" sizes=\"auto, (max-width: 300px) 100vw, 300px\" \/><\/a><figcaption id=\"caption-attachment-739\" class=\"wp-caption-text\">Der erhaltenswerte Orgelprospekt stammt von B\u00fcnting 1754<\/figcaption><\/figure>\n<p>Die Scherer-B\u00fcnting Orgel muss in den kommenden Jahren dringend saniert und restauriert werden. Mit kirchlichen Geldern allein l\u00e4sst sich die Sanierung in dieser Gr\u00f6\u00dfe nicht durchf\u00fchren. Hierzu brauchen wir <span style=\"color: #993300;\"><strong>Ihre Hilfe<\/strong><\/span>, <span style=\"color: #993300;\"><strong>Ihr Engagement<\/strong><\/span> und auch <span style=\"color: #993300;\"><strong>Ihre finanziellen Zuwendungen<\/strong><\/span>.<\/p>\n<p>Wir w\u00fcrden uns freuen, wenn Sie sich f\u00fcr eine Mitgliedschaft entscheiden. Das PDF-Beitrittsformular k\u00f6nnen Sie unten mit dem &#8222;Download&#8220;-Button aufrufen, ausf\u00fcllen, ausdrucken und gern direkt an den Orgelbauverein schicken.<\/p>\n<p>Es werden auch <a href=\"https:\/\/orgelbauverein-moelln.de\/?page_id=651\">Pfeifenpatenschaften<\/a> angeboten. Damit k\u00f6nnen Sie sich f\u00fcr eine bestimmte Orgelpfeife entscheiden, die zuk\u00fcnftig in Ihrem Namen unsere Kirche erklingen l\u00e4sst.<\/p>\n<p>&nbsp;<\/p>\n","protected":false},"excerpt":{"rendered":"<p>Die Scherer-B\u00fcnting Orgel muss in den kommenden Jahren dringend saniert und restauriert werden. Mit kirchlichen Geldern allein l\u00e4sst sich die Sanierung in dieser Gr\u00f6\u00dfe nicht durchf\u00fchren. Hierzu brauchen wir Ihre Hilfe, Ihr Engagement und auch Ihre finanziellen Zuwendungen. Wir w\u00fcrden uns freuen, wenn Sie sich f\u00fcr eine Mitgliedschaft entscheiden. Das PDF-Beitrittsformular k\u00f6nnen Sie unten mit [&hellip;]<\/p>\n","protected":false},"author":1,"featured_media":0,"parent":625,"menu_order":0,"comment_status":"open","ping_status":"open","template":"page-pagebuilder.php","meta":{"footnotes":""},"class_list":["post-664","page","type-page","status-publish","hentry"],"_links":{"self":[{"href":"https:\/\/orgelbauverein-moelln.de\/index.php?rest_route=\/wp\/v2\/pages\/664","targetHints":{"allow":["GET"]}}],"collection":[{"href":"https:\/\/orgelbauverein-moelln.de\/index.php?rest_route=\/wp\/v2\/pages"}],"about":[{"href":"https:\/\/orgelbauverein-moelln.de\/index.php?rest_route=\/wp\/v2\/types\/page"}],"author":[{"embeddable":true,"href":"https:\/\/orgelbauverein-moelln.de\/index.php?rest_route=\/wp\/v2\/users\/1"}],"replies":[{"embeddable":true,"href":"https:\/\/orgelbauverein-moelln.de\/index.php?rest_route=%2Fwp%2Fv2%2Fcomments&post=664"}],"version-history":[{"count":11,"href":"https:\/\/orgelbauverein-moelln.de\/index.php?rest_route=\/wp\/v2\/pages\/664\/revisions"}],"predecessor-version":[{"id":2245,"href":"https:\/\/orgelbauverein-moelln.de\/index.php?rest_route=\/wp\/v2\/pages\/664\/revisions\/2245"}],"up":[{"embeddable":true,"href":"https:\/\/orgelbauverein-moelln.de\/index.php?rest_route=\/wp\/v2\/pages\/625"}],"wp:attachment":[{"href":"https:\/\/orgelbauverein-moelln.de\/index.php?rest_route=%2Fwp%2Fv2%2Fmedia&parent=664"}],"curies":[{"name":"wp","href":"https:\/\/api.w.org\/{rel}","templated":true}]}}

<figure id="attachment_739" aria-describedby="caption-attachment-739" style="width: 300px" class="wp-caption alignnone"><a href="https://orgelbauverein-moelln.de/wp-content/uploads/2014/07/IMG_0084.jpg"><img loading="lazy" decoding="async" class="wp-image-739 size-medium" src="https://orgelbauverein-moelln.de/wp-content/uploads/2014/07/IMG_0084-300x255.jpg" alt="Der erhaltenswerte Orgelprospekt stammt von Bünting 1754" width="300" height="255" title="Mitgliedschaft" srcset="https://orgelbauverein-moelln.de/wp-content/uploads/2014/07/IMG_0084-300x255.jpg 300w, https://orgelbauverein-moelln.de/wp-content/uploads/2014/07/IMG_0084.jpg 800w" sizes="auto, (max-width: 300px) 100vw, 300px" /></a><figcaption id="caption-attachment-739" class="wp-caption-text">Der erhaltenswerte Orgelprospekt stammt von Bünting 1754</figcaption></figure>
<p>Die Scherer-Bünting Orgel muss in den kommenden Jahren dringend saniert und restauriert werden. Mit kirchlichen Geldern allein lässt sich die Sanierung in dieser Größe nicht durchführen. Hierzu brauchen wir <span style="color: #993300;"><strong>Ihre Hilfe</strong></span>, <span style="color: #993300;"><strong>Ihr Engagement</strong></span> und auch <span style="color: #993300;"><strong>Ihre finanziellen Zuwendungen</strong></span>.</p>
<p>Wir würden uns freuen, wenn Sie sich für eine Mitgliedschaft entscheiden. Das PDF-Beitrittsformular können Sie unten mit dem &#8222;Download&#8220;-Button aufrufen, ausfüllen, ausdrucken und gern direkt an den Orgelbauverein schicken.</p>
<p>Es werden auch <a href="https://orgelbauverein-moelln.de/?page_id=651">Pfeifenpatenschaften</a> angeboten. Damit können Sie sich für eine bestimmte Orgelpfeife entscheiden, die zukünftig in Ihrem Namen unsere Kirche erklingen lässt.</p>
<p>&nbsp;</p>

<p>Die Scherer-Bünting Orgel muss in den kommenden Jahren dringend saniert und restauriert werden. Mit kirchlichen Geldern allein lässt sich die Sanierung in dieser Größe nicht durchführen. Hierzu brauchen wir Ihre Hilfe, Ihr Engagement und auch Ihre finanziellen Zuwendungen. Wir würden uns freuen, wenn Sie sich für eine Mitgliedschaft entscheiden. Das PDF-Beitrittsformular können Sie unten mit [&hellip;]</p>
