{"id":623,"date":"2014-07-10T11:38:19","date_gmt":"2014-07-10T09:38:19","guid":{"rendered":"http:\/\/orgelbauverein-moelln.de\/?page_id=623"},"modified":"2018-04-10T23:01:26","modified_gmt":"2018-04-10T22:01:26","slug":"die-orgel","status":"publish","type":"page","link":"https:\/\/orgelbauverein-moelln.de\/?page_id=623","title":{"rendered":"Die Orgel"},"content":{"rendered":"<p><span style=\"color: #333333;\"><a href=\"https:\/\/orgelbauverein-moelln.de\/wp-content\/uploads\/2014\/07\/LetztesLoch.jpg\"><img loading=\"lazy\" decoding=\"async\" class=\"alignnone wp-image-1040 size-full\" src=\"https:\/\/orgelbauverein-moelln.de\/wp-content\/uploads\/2014\/07\/LetztesLoch.jpg\" alt=\"LetztesLoch\" width=\"961\" height=\"525\" title=\"Die Orgel\" srcset=\"https:\/\/orgelbauverein-moelln.de\/wp-content\/uploads\/2014\/07\/LetztesLoch.jpg 961w, https:\/\/orgelbauverein-moelln.de\/wp-content\/uploads\/2014\/07\/LetztesLoch-300x163.jpg 300w\" sizes=\"auto, (max-width: 961px) 100vw, 961px\" \/><\/a><\/span><\/p>\n<p><span style=\"color: #333333;\">Deutlicher kann man es wohl kaum sagen. Die historische Scherer-B\u00fcnting-Orgel muss dringend restauriert werden, bevor die historisch wertvollenPfeifen total\u00a0verstummen.\u00a0<\/span>Das Res\u00fcmee des Orgelbauers Erbsl\u00f6h bringt es auf den Punkt:<\/p>\n<blockquote><p>\u2026\u00a0in die Orgel sollte bis zu ihrer grundlegenden Restaurierung nur noch das Allern\u00f6tigste investiert werden, um sie \u2013 mehr schlecht als recht \u2013 funktionst\u00fcchtig zu halten, wobei allerdings zu bedenken ist, dass ihr Verfall immer schneller fortschreiten wird. &#8230;<\/p><\/blockquote>\n<p>Erhebliche klangliche und technische Defizite stehen einer historischen Substanz von au\u00dfergew\u00f6hnlicher Bedeutung gegen\u00fcber.<\/p>\n<h2>Die M\u00e4ngel im \u00dcberblick:<\/h2>\n<p>[columns]<\/p>\n<p>[column size=&#8220;half&#8220; last=&#8220;no&#8220;]<\/p>\n<ul>\n<li>Das Leder der Ladenb\u00e4lge ist durch falsche Bearbeitung vollkommen m\u00fcrbe. Wenn diese rei\u00dfen, droht ein Totalausfall der Orgel. Der Arbeitsaufwand der Reparaturen ist je nach Lage der Lade unterschiedlich zu bewerten, z.B. ist die Reparatur der Hinterladen des Pedals mit einem erheblichen Arbeitsaufwand verbunden.<\/li>\n<li>Die Kanalanlage (aus den 90er Jahren) ist an mehreren Stellen undicht. Die kaputten Stellen sind notd\u00fcrftig mit Klebeband repariert.<a href=\"https:\/\/orgelbauverein-moelln.de\/wp-content\/uploads\/2014\/07\/IMG_0270.jpg\"><img loading=\"lazy\" decoding=\"async\" class=\"alignnone wp-image-869 size-medium\" src=\"https:\/\/orgelbauverein-moelln.de\/wp-content\/uploads\/2014\/07\/IMG_0270-300x271.jpg\" alt=\"IMG_0270\" width=\"300\" height=\"271\" title=\"Die Orgel\" srcset=\"https:\/\/orgelbauverein-moelln.de\/wp-content\/uploads\/2014\/07\/IMG_0270-300x271.jpg 300w, https:\/\/orgelbauverein-moelln.de\/wp-content\/uploads\/2014\/07\/IMG_0270.jpg 800w\" sizes=\"auto, (max-width: 300px) 100vw, 300px\" \/><\/a><\/li>\n<li>Mit zunehmenden Ausf\u00e4llen ist bei allen der alten 80 Schleifenmotoren zu rechnen.\u00a0 Einige Register mussten schon stillgelegt werden. Neue Motoren stehen nicht mehr zur Verf\u00fcgung. Die Instandsetzung der alten Motoren ist mit hohen Kosten verbunden.<a href=\"https:\/\/orgelbauverein-moelln.de\/wp-content\/uploads\/2014\/07\/IMG_2043.jpg\"><img loading=\"lazy\" decoding=\"async\" class=\"alignnone wp-image-874 size-medium\" src=\"https:\/\/orgelbauverein-moelln.de\/wp-content\/uploads\/2014\/07\/IMG_2043-300x256.jpg\" alt=\"IMG_2043\" width=\"300\" height=\"256\" title=\"Die Orgel\" srcset=\"https:\/\/orgelbauverein-moelln.de\/wp-content\/uploads\/2014\/07\/IMG_2043-300x256.jpg 300w, https:\/\/orgelbauverein-moelln.de\/wp-content\/uploads\/2014\/07\/IMG_2043.jpg 800w\" sizes=\"auto, (max-width: 300px) 100vw, 300px\" \/><\/a><\/li>\n<li>Durch eine abenteuerliche Konstruktion der Wellen, die die Impulse der Elektromotoren an die Schleifen der Hinterlade des Pedals \u00fcbermitteln, sind auch weiterhin St\u00f6rungen zu erwarten.<\/li>\n<\/ul>\n<p>[\/column]<br \/>\n[column size=&#8220;half&#8220; last=&#8220;yes&#8220;]<\/p>\n<ul>\n<li>Die Registerschalter aus Kunststoff sind spr\u00f6de und teilweise zerbrochen; dieser Prozess wird sich fortsetzen.<a href=\"https:\/\/orgelbauverein-moelln.de\/wp-content\/uploads\/2014\/07\/IMG_0275.jpg\"><img loading=\"lazy\" decoding=\"async\" class=\"alignnone wp-image-870 size-medium\" src=\"https:\/\/orgelbauverein-moelln.de\/wp-content\/uploads\/2014\/07\/IMG_0275-300x225.jpg\" alt=\"IMG_0275\" width=\"300\" height=\"225\" title=\"Die Orgel\" srcset=\"https:\/\/orgelbauverein-moelln.de\/wp-content\/uploads\/2014\/07\/IMG_0275-300x225.jpg 300w, https:\/\/orgelbauverein-moelln.de\/wp-content\/uploads\/2014\/07\/IMG_0275.jpg 800w\" sizes=\"auto, (max-width: 300px) 100vw, 300px\" \/><\/a><\/li>\n<li>Ein betr\u00e4chtlicher Teil des Pfeifenwerks in allen Werken, besonders aber im Pedal, ist wegen ungeschickter Ladengrundrisse zum Stimmen kaum bis nicht zu erreichen; ein Umstand, der die Durchf\u00fchrung einer ordnungsgem\u00e4\u00dfen Wartung nicht zul\u00e4sst.<a href=\"http:\/\/orgelbauverein-moelln.de\/wp-content\/uploads\/2014\/07\/IMG_0288.jpg\"><br \/>\n<\/a><a href=\"https:\/\/orgelbauverein-moelln.de\/wp-content\/uploads\/2014\/07\/IMG_0288.jpg\"><img loading=\"lazy\" decoding=\"async\" class=\"alignnone wp-image-871 size-medium\" src=\"https:\/\/orgelbauverein-moelln.de\/wp-content\/uploads\/2014\/07\/IMG_0288-225x300.jpg\" alt=\"IMG_0288\" width=\"225\" height=\"300\" title=\"Die Orgel\" srcset=\"https:\/\/orgelbauverein-moelln.de\/wp-content\/uploads\/2014\/07\/IMG_0288-225x300.jpg 225w, https:\/\/orgelbauverein-moelln.de\/wp-content\/uploads\/2014\/07\/IMG_0288.jpg 600w\" sizes=\"auto, (max-width: 225px) 100vw, 225px\" \/><\/a><\/li>\n<li>Sch\u00e4den an den Pfeifen durch h\u00e4ufiges Stimmen, notwendig geworden durch die Art der Intonierung in den 50er und 70er Jahren. An besch\u00e4digten Pfeifen sollte nicht mehr gestimmt werden, um weitere Sch\u00e4den zu vermeiden. Die Orgel ist schon in ihrem heutigen Zustand nicht mehr stimmbar und teilweise notd\u00fcrftig mit Klebeband nachgestimmt.<a href=\"https:\/\/orgelbauverein-moelln.de\/wp-content\/uploads\/2014\/07\/IMG_2051.jpg\"><img loading=\"lazy\" decoding=\"async\" class=\"alignnone wp-image-875 size-medium\" src=\"https:\/\/orgelbauverein-moelln.de\/wp-content\/uploads\/2014\/07\/IMG_2051-300x225.jpg\" alt=\"IMG_2051\" width=\"300\" height=\"225\" title=\"Die Orgel\" srcset=\"https:\/\/orgelbauverein-moelln.de\/wp-content\/uploads\/2014\/07\/IMG_2051-300x225.jpg 300w, https:\/\/orgelbauverein-moelln.de\/wp-content\/uploads\/2014\/07\/IMG_2051.jpg 800w\" sizes=\"auto, (max-width: 300px) 100vw, 300px\" \/><\/a><\/li>\n<\/ul>\n<p>[\/column]<\/p>\n<p>[\/columns]<\/p>\n<h2><\/h2>\n","protected":false},"excerpt":{"rendered":"<p>Deutlicher kann man es wohl kaum sagen. Die historische Scherer-B\u00fcnting-Orgel muss dringend restauriert werden, bevor die historisch wertvollenPfeifen total\u00a0verstummen.\u00a0Das Res\u00fcmee des Orgelbauers Erbsl\u00f6h bringt es auf den Punkt: \u2026\u00a0in die Orgel sollte bis zu ihrer grundlegenden Restaurierung nur noch das Allern\u00f6tigste investiert werden, um sie \u2013 mehr schlecht als recht \u2013 funktionst\u00fcchtig zu halten, wobei [&hellip;]<\/p>\n","protected":false},"author":1,"featured_media":0,"parent":0,"menu_order":0,"comment_status":"closed","ping_status":"closed","template":"page-pagebuilder.php","meta":{"footnotes":""},"class_list":["post-623","page","type-page","status-publish","hentry"],"_links":{"self":[{"href":"https:\/\/orgelbauverein-moelln.de\/index.php?rest_route=\/wp\/v2\/pages\/623","targetHints":{"allow":["GET"]}}],"collection":[{"href":"https:\/\/orgelbauverein-moelln.de\/index.php?rest_route=\/wp\/v2\/pages"}],"about":[{"href":"https:\/\/orgelbauverein-moelln.de\/index.php?rest_route=\/wp\/v2\/types\/page"}],"author":[{"embeddable":true,"href":"https:\/\/orgelbauverein-moelln.de\/index.php?rest_route=\/wp\/v2\/users\/1"}],"replies":[{"embeddable":true,"href":"https:\/\/orgelbauverein-moelln.de\/index.php?rest_route=%2Fwp%2Fv2%2Fcomments&post=623"}],"version-history":[{"count":27,"href":"https:\/\/orgelbauverein-moelln.de\/index.php?rest_route=\/wp\/v2\/pages\/623\/revisions"}],"predecessor-version":[{"id":2197,"href":"https:\/\/orgelbauverein-moelln.de\/index.php?rest_route=\/wp\/v2\/pages\/623\/revisions\/2197"}],"wp:attachment":[{"href":"https:\/\/orgelbauverein-moelln.de\/index.php?rest_route=%2Fwp%2Fv2%2Fmedia&parent=623"}],"curies":[{"name":"wp","href":"https:\/\/api.w.org\/{rel}","templated":true}]}}

<p><span style="color: #333333;"><a href="https://orgelbauverein-moelln.de/wp-content/uploads/2014/07/LetztesLoch.jpg"><img loading="lazy" decoding="async" class="alignnone wp-image-1040 size-full" src="https://orgelbauverein-moelln.de/wp-content/uploads/2014/07/LetztesLoch.jpg" alt="LetztesLoch" width="961" height="525" title="Die Orgel" srcset="https://orgelbauverein-moelln.de/wp-content/uploads/2014/07/LetztesLoch.jpg 961w, https://orgelbauverein-moelln.de/wp-content/uploads/2014/07/LetztesLoch-300x163.jpg 300w" sizes="auto, (max-width: 961px) 100vw, 961px" /></a></span></p>
<p><span style="color: #333333;">Deutlicher kann man es wohl kaum sagen. Die historische Scherer-Bünting-Orgel muss dringend restauriert werden, bevor die historisch wertvollenPfeifen total verstummen. </span>Das Resümee des Orgelbauers Erbslöh bringt es auf den Punkt:</p>
<blockquote><p>… in die Orgel sollte bis zu ihrer grundlegenden Restaurierung nur noch das Allernötigste investiert werden, um sie – mehr schlecht als recht – funktionstüchtig zu halten, wobei allerdings zu bedenken ist, dass ihr Verfall immer schneller fortschreiten wird. &#8230;</p></blockquote>
<p>Erhebliche klangliche und technische Defizite stehen einer historischen Substanz von außergewöhnlicher Bedeutung gegenüber.</p>
<h2>Die Mängel im Überblick:</h2>
<p>[columns]</p>
<p>[column size=&#8220;half&#8220; last=&#8220;no&#8220;]</p>
<ul>
<li>Das Leder der Ladenbälge ist durch falsche Bearbeitung vollkommen mürbe. Wenn diese reißen, droht ein Totalausfall der Orgel. Der Arbeitsaufwand der Reparaturen ist je nach Lage der Lade unterschiedlich zu bewerten, z.B. ist die Reparatur der Hinterladen des Pedals mit einem erheblichen Arbeitsaufwand verbunden.</li>
<li>Die Kanalanlage (aus den 90er Jahren) ist an mehreren Stellen undicht. Die kaputten Stellen sind notdürftig mit Klebeband repariert.<a href="https://orgelbauverein-moelln.de/wp-content/uploads/2014/07/IMG_0270.jpg"><img loading="lazy" decoding="async" class="alignnone wp-image-869 size-medium" src="https://orgelbauverein-moelln.de/wp-content/uploads/2014/07/IMG_0270-300x271.jpg" alt="IMG_0270" width="300" height="271" title="Die Orgel" srcset="https://orgelbauverein-moelln.de/wp-content/uploads/2014/07/IMG_0270-300x271.jpg 300w, https://orgelbauverein-moelln.de/wp-content/uploads/2014/07/IMG_0270.jpg 800w" sizes="auto, (max-width: 300px) 100vw, 300px" /></a></li>
<li>Mit zunehmenden Ausfällen ist bei allen der alten 80 Schleifenmotoren zu rechnen.  Einige Register mussten schon stillgelegt werden. Neue Motoren stehen nicht mehr zur Verfügung. Die Instandsetzung der alten Motoren ist mit hohen Kosten verbunden.<a href="https://orgelbauverein-moelln.de/wp-content/uploads/2014/07/IMG_2043.jpg"><img loading="lazy" decoding="async" class="alignnone wp-image-874 size-medium" src="https://orgelbauverein-moelln.de/wp-content/uploads/2014/07/IMG_2043-300x256.jpg" alt="IMG_2043" width="300" height="256" title="Die Orgel" srcset="https://orgelbauverein-moelln.de/wp-content/uploads/2014/07/IMG_2043-300x256.jpg 300w, https://orgelbauverein-moelln.de/wp-content/uploads/2014/07/IMG_2043.jpg 800w" sizes="auto, (max-width: 300px) 100vw, 300px" /></a></li>
<li>Durch eine abenteuerliche Konstruktion der Wellen, die die Impulse der Elektromotoren an die Schleifen der Hinterlade des Pedals übermitteln, sind auch weiterhin Störungen zu erwarten.</li>
</ul>
<p>[/column]<br />
[column size=&#8220;half&#8220; last=&#8220;yes&#8220;]</p>
<ul>
<li>Die Registerschalter aus Kunststoff sind spröde und teilweise zerbrochen; dieser Prozess wird sich fortsetzen.<a href="https://orgelbauverein-moelln.de/wp-content/uploads/2014/07/IMG_0275.jpg"><img loading="lazy" decoding="async" class="alignnone wp-image-870 size-medium" src="https://orgelbauverein-moelln.de/wp-content/uploads/2014/07/IMG_0275-300x225.jpg" alt="IMG_0275" width="300" height="225" title="Die Orgel" srcset="https://orgelbauverein-moelln.de/wp-content/uploads/2014/07/IMG_0275-300x225.jpg 300w, https://orgelbauverein-moelln.de/wp-content/uploads/2014/07/IMG_0275.jpg 800w" sizes="auto, (max-width: 300px) 100vw, 300px" /></a></li>
<li>Ein beträchtlicher Teil des Pfeifenwerks in allen Werken, besonders aber im Pedal, ist wegen ungeschickter Ladengrundrisse zum Stimmen kaum bis nicht zu erreichen; ein Umstand, der die Durchführung einer ordnungsgemäßen Wartung nicht zulässt.<a href="http://orgelbauverein-moelln.de/wp-content/uploads/2014/07/IMG_0288.jpg"><br />
</a><a href="https://orgelbauverein-moelln.de/wp-content/uploads/2014/07/IMG_0288.jpg"><img loading="lazy" decoding="async" class="alignnone wp-image-871 size-medium" src="https://orgelbauverein-moelln.de/wp-content/uploads/2014/07/IMG_0288-225x300.jpg" alt="IMG_0288" width="225" height="300" title="Die Orgel" srcset="https://orgelbauverein-moelln.de/wp-content/uploads/2014/07/IMG_0288-225x300.jpg 225w, https://orgelbauverein-moelln.de/wp-content/uploads/2014/07/IMG_0288.jpg 600w" sizes="auto, (max-width: 225px) 100vw, 225px" /></a></li>
<li>Schäden an den Pfeifen durch häufiges Stimmen, notwendig geworden durch die Art der Intonierung in den 50er und 70er Jahren. An beschädigten Pfeifen sollte nicht mehr gestimmt werden, um weitere Schäden zu vermeiden. Die Orgel ist schon in ihrem heutigen Zustand nicht mehr stimmbar und teilweise notdürftig mit Klebeband nachgestimmt.<a href="https://orgelbauverein-moelln.de/wp-content/uploads/2014/07/IMG_2051.jpg"><img loading="lazy" decoding="async" class="alignnone wp-image-875 size-medium" src="https://orgelbauverein-moelln.de/wp-content/uploads/2014/07/IMG_2051-300x225.jpg" alt="IMG_2051" width="300" height="225" title="Die Orgel" srcset="https://orgelbauverein-moelln.de/wp-content/uploads/2014/07/IMG_2051-300x225.jpg 300w, https://orgelbauverein-moelln.de/wp-content/uploads/2014/07/IMG_2051.jpg 800w" sizes="auto, (max-width: 300px) 100vw, 300px" /></a></li>
</ul>
<p>[/column]</p>
<p>[/columns]</p>
<h2></h2>

<p>Deutlicher kann man es wohl kaum sagen. Die historische Scherer-Bünting-Orgel muss dringend restauriert werden, bevor die historisch wertvollenPfeifen total verstummen. Das Resümee des Orgelbauers Erbslöh bringt es auf den Punkt: … in die Orgel sollte bis zu ihrer grundlegenden Restaurierung nur noch das Allernötigste investiert werden, um sie – mehr schlecht als recht – funktionstüchtig zu halten, wobei [&hellip;]</p>
