{"id":621,"date":"2014-07-10T11:37:56","date_gmt":"2014-07-10T09:37:56","guid":{"rendered":"http:\/\/orgelbauverein-moelln.de\/?page_id=621"},"modified":"2026-04-11T23:12:01","modified_gmt":"2026-04-11T22:12:01","slug":"home","status":"publish","type":"page","link":"https:\/\/orgelbauverein-moelln.de\/","title":{"rendered":"Orgelbauverein St. Nicolai zu M\u00f6lln"},"content":{"rendered":"\n<p><\/p>\n\n\n\n\n\n\n\n<div class=\"wp-block-query is-layout-flow wp-block-query-is-layout-flow\"><ul class=\"wp-block-post-template is-layout-flow wp-container-core-post-template-is-layout-5291b468 wp-block-post-template-is-layout-flow\"><li class=\"wp-block-post post-3511 post type-post status-publish format-standard has-post-thumbnail hentry category-allgemein\">\n<h2 class=\"wp-block-post-title has-large-font-size has-body-font-family\"><a href=\"https:\/\/orgelbauverein-moelln.de\/?p=3511\" target=\"_self\" >Erstes Monatskonzert 2026<\/a><\/h2>\n\n<figure class=\"alignwide wp-block-post-featured-image\"><a href=\"https:\/\/orgelbauverein-moelln.de\/?p=3511\" target=\"_self\"  ><img loading=\"lazy\" decoding=\"async\" width=\"1024\" height=\"768\" src=\"https:\/\/orgelbauverein-moelln.de\/wp-content\/uploads\/2019\/07\/Benefizkonzert.jpg\" class=\"attachment-post-thumbnail size-post-thumbnail wp-post-image\" alt=\"Erstes Monatskonzert 2026\" style=\"object-fit:cover;\" srcset=\"https:\/\/orgelbauverein-moelln.de\/wp-content\/uploads\/2019\/07\/Benefizkonzert.jpg 1024w, https:\/\/orgelbauverein-moelln.de\/wp-content\/uploads\/2019\/07\/Benefizkonzert-300x225.jpg 300w, https:\/\/orgelbauverein-moelln.de\/wp-content\/uploads\/2019\/07\/Benefizkonzert-768x576.jpg 768w\" sizes=\"auto, (max-width: 1024px) 100vw, 1024px\" title=\"Erstes Monatskonzert 2026\"><\/a><\/figure>\n\n<div class=\"wp-block-post-excerpt\"><p class=\"wp-block-post-excerpt__excerpt\">Das erste Monatskonzert 2026 auf der Scherer-B\u00fcnting-Flentrop-Orgel am 25.04. um 18:30 Uhr in der M\u00f6llner St. Nicolai-Kirche \u00fcbernimmt der niederl\u00e4ndische Organist und Cembalist Maurits Bunt. Nach seinem Orgel- und Kirchenmusikstudium am Konservatorium Rotterdam schloss sich bei ihm ein Masterstudium bei Ton Koopman und Hayo Boerema an. Zudem hat er erfolgreich ein Studium als Glockenspieler absolviert.&hellip; <\/p><\/div>\n\n\n<hr class=\"wp-block-separator has-css-opacity\"\/>\n\n\n<a class=\"wp-block-read-more\" href=\"https:\/\/orgelbauverein-moelln.de\/?p=3511\" target=\"_self\">Weiterlesen<span class=\"screen-reader-text\">: Erstes Monatskonzert 2026<\/span><\/a>\n\n\n<\/li><li class=\"wp-block-post post-3475 post type-post status-publish format-standard has-post-thumbnail hentry category-allgemein\">\n<h2 class=\"wp-block-post-title has-large-font-size has-body-font-family\"><a href=\"https:\/\/orgelbauverein-moelln.de\/?p=3475\" target=\"_self\" >Orgel-Kurzkonzerte 2026<\/a><\/h2>\n\n<figure class=\"alignwide wp-block-post-featured-image\"><a href=\"https:\/\/orgelbauverein-moelln.de\/?p=3475\" target=\"_self\"  ><img loading=\"lazy\" decoding=\"async\" width=\"900\" height=\"600\" src=\"https:\/\/orgelbauverein-moelln.de\/wp-content\/uploads\/2020\/05\/Slider1-13.jpg\" class=\"attachment-post-thumbnail size-post-thumbnail wp-post-image\" alt=\"Orgel-Kurzkonzerte 2026\" style=\"object-fit:cover;\" srcset=\"https:\/\/orgelbauverein-moelln.de\/wp-content\/uploads\/2020\/05\/Slider1-13.jpg 900w, https:\/\/orgelbauverein-moelln.de\/wp-content\/uploads\/2020\/05\/Slider1-13-300x200.jpg 300w, https:\/\/orgelbauverein-moelln.de\/wp-content\/uploads\/2020\/05\/Slider1-13-768x512.jpg 768w, https:\/\/orgelbauverein-moelln.de\/wp-content\/uploads\/2020\/05\/Slider1-13-560x372.jpg 560w, https:\/\/orgelbauverein-moelln.de\/wp-content\/uploads\/2020\/05\/Slider1-13-212x140.jpg 212w\" sizes=\"auto, (max-width: 900px) 100vw, 900px\" title=\"Orgel-Kurzkonzerte 2026\"><\/a><\/figure>\n\n<div class=\"wp-block-post-excerpt\"><p class=\"wp-block-post-excerpt__excerpt\">Sa, 2.5.2026 11:30 Seulgi Yang, Musikhochschule Hamburg Sa, 9.5.2026 11:30 Yeji Yun, Musikhochschule L\u00fcbeck Sa, 16.5.2026 11:30 Yewon Choi, Musikhochschule Hamburg Sa, 23.5.2026 11:30 Jonathan Weiler, Musikhochschule L\u00fcbeck Sa, 6.6.2026 11:30 Rosemarie Tougas, Musikhochschule L\u00fcbeck Sa, 13.6.2026 11:30 Pelageya Kostina, Musikhochschule L\u00fcbeck Sa, 20.6.2026 11:30 Sch\u00fcler:innen der Kreismusikschule Herzogtum Lauenburg Sa, 4.7.2026 11:30 Kurzkonzert Sa,&hellip; <\/p><\/div>\n\n\n<hr class=\"wp-block-separator has-css-opacity\"\/>\n\n\n<a class=\"wp-block-read-more\" href=\"https:\/\/orgelbauverein-moelln.de\/?p=3475\" target=\"_self\">Weiterlesen<span class=\"screen-reader-text\">: Orgel-Kurzkonzerte 2026<\/span><\/a>\n\n\n<\/li><li class=\"wp-block-post post-3459 post type-post status-publish format-standard has-post-thumbnail hentry category-allgemein\">\n<h2 class=\"wp-block-post-title has-large-font-size has-body-font-family\"><a href=\"https:\/\/orgelbauverein-moelln.de\/?p=3459\" target=\"_self\" >Orgelkonzerte 2026<\/a><\/h2>\n\n<figure class=\"alignwide wp-block-post-featured-image\"><a href=\"https:\/\/orgelbauverein-moelln.de\/?p=3459\" target=\"_self\"  ><img loading=\"lazy\" decoding=\"async\" width=\"960\" height=\"600\" src=\"https:\/\/orgelbauverein-moelln.de\/wp-content\/uploads\/2014\/07\/Slider1-6.jpg\" class=\"attachment-post-thumbnail size-post-thumbnail wp-post-image\" alt=\"Orgelkonzerte 2026\" style=\"object-fit:cover;\" srcset=\"https:\/\/orgelbauverein-moelln.de\/wp-content\/uploads\/2014\/07\/Slider1-6.jpg 960w, https:\/\/orgelbauverein-moelln.de\/wp-content\/uploads\/2014\/07\/Slider1-6-300x187.jpg 300w\" sizes=\"auto, (max-width: 960px) 100vw, 960px\" title=\"Orgelkonzerte 2026\"><\/a><\/figure>\n\n<div class=\"wp-block-post-excerpt\"><p class=\"wp-block-post-excerpt__excerpt\">Sa, 25.4.2026 18:30 Maurits Bunt, Deventer (NL) Sa, 30.5.2026 21:00 Susanne Bornholdt Sa, 27.6.2026 18:30 Hans-J\u00fcrgen Schnoor, L\u00fcbeck Sa, 25.7.2026 21:00 Antonio Di Dedda, Hamburg Sa, 9.8.2026 18:00 Benefizkonzert: \u201eDu meine Seele singe\u201c Mit Werken von Cr\u00fcger, Ha\u00dfler, Scheidemann und Bach Uta Singer (Sopran) Jakob J\u00e4nig (Ba\u00df) Hartmut Ledeboer (Blockfl\u00f6te) Volker J\u00e4nig (Orgel) Benefizkonzert zugunsten&hellip; <\/p><\/div>\n\n\n<hr class=\"wp-block-separator has-css-opacity\"\/>\n\n\n<a class=\"wp-block-read-more\" href=\"https:\/\/orgelbauverein-moelln.de\/?p=3459\" target=\"_self\">Weiterlesen<span class=\"screen-reader-text\">: Orgelkonzerte 2026<\/span><\/a>\n\n\n<\/li><\/ul><\/div>\n","protected":false},"excerpt":{"rendered":"","protected":false},"author":1,"featured_media":3293,"parent":0,"menu_order":0,"comment_status":"open","ping_status":"open","template":"page-pagebuilder.php","meta":{"footnotes":""},"class_list":["post-621","page","type-page","status-publish","has-post-thumbnail","hentry"],"_links":{"self":[{"href":"https:\/\/orgelbauverein-moelln.de\/index.php?rest_route=\/wp\/v2\/pages\/621","targetHints":{"allow":["GET"]}}],"collection":[{"href":"https:\/\/orgelbauverein-moelln.de\/index.php?rest_route=\/wp\/v2\/pages"}],"about":[{"href":"https:\/\/orgelbauverein-moelln.de\/index.php?rest_route=\/wp\/v2\/types\/page"}],"author":[{"embeddable":true,"href":"https:\/\/orgelbauverein-moelln.de\/index.php?rest_route=\/wp\/v2\/users\/1"}],"replies":[{"embeddable":true,"href":"https:\/\/orgelbauverein-moelln.de\/index.php?rest_route=%2Fwp%2Fv2%2Fcomments&post=621"}],"version-history":[{"count":39,"href":"https:\/\/orgelbauverein-moelln.de\/index.php?rest_route=\/wp\/v2\/pages\/621\/revisions"}],"predecessor-version":[{"id":3513,"href":"https:\/\/orgelbauverein-moelln.de\/index.php?rest_route=\/wp\/v2\/pages\/621\/revisions\/3513"}],"wp:featuredmedia":[{"embeddable":true,"href":"https:\/\/orgelbauverein-moelln.de\/index.php?rest_route=\/wp\/v2\/media\/3293"}],"wp:attachment":[{"href":"https:\/\/orgelbauverein-moelln.de\/index.php?rest_route=%2Fwp%2Fv2%2Fmedia&parent=621"}],"curies":[{"name":"wp","href":"https:\/\/api.w.org\/{rel}","templated":true}]}}

Orgelbauverein St. Nicolai zu Mölln

<p></p>







<div class="wp-block-query is-layout-flow wp-block-query-is-layout-flow"><ul class="wp-block-post-template is-layout-flow wp-container-core-post-template-is-layout-5291b468 wp-block-post-template-is-layout-flow"><li class="wp-block-post post-3511 post type-post status-publish format-standard has-post-thumbnail hentry category-allgemein">
<h2 class="wp-block-post-title has-large-font-size has-body-font-family"><a href="https://orgelbauverein-moelln.de/?p=3511" target="_self" >Erstes Monatskonzert 2026</a></h2>

<figure class="alignwide wp-block-post-featured-image"><a href="https://orgelbauverein-moelln.de/?p=3511" target="_self"  ><img loading="lazy" decoding="async" width="1024" height="768" src="https://orgelbauverein-moelln.de/wp-content/uploads/2019/07/Benefizkonzert.jpg" class="attachment-post-thumbnail size-post-thumbnail wp-post-image" alt="Erstes Monatskonzert 2026" style="object-fit:cover;" srcset="https://orgelbauverein-moelln.de/wp-content/uploads/2019/07/Benefizkonzert.jpg 1024w, https://orgelbauverein-moelln.de/wp-content/uploads/2019/07/Benefizkonzert-300x225.jpg 300w, https://orgelbauverein-moelln.de/wp-content/uploads/2019/07/Benefizkonzert-768x576.jpg 768w" sizes="auto, (max-width: 1024px) 100vw, 1024px" title="Erstes Monatskonzert 2026"></a></figure>

<div class="wp-block-post-excerpt"><p class="wp-block-post-excerpt__excerpt">Das erste Monatskonzert 2026 auf der Scherer-Bünting-Flentrop-Orgel am 25.04. um 18:30 Uhr in der Möllner St. Nicolai-Kirche übernimmt der niederländische Organist und Cembalist Maurits Bunt. Nach seinem Orgel- und Kirchenmusikstudium am Konservatorium Rotterdam schloss sich bei ihm ein Masterstudium bei Ton Koopman und Hayo Boerema an. Zudem hat er erfolgreich ein Studium als Glockenspieler absolviert.&hellip; </p></div>


<hr class="wp-block-separator has-css-opacity"/>


<a class="wp-block-read-more" href="https://orgelbauverein-moelln.de/?p=3511" target="_self">Weiterlesen<span class="screen-reader-text">: Erstes Monatskonzert 2026</span></a>


</li><li class="wp-block-post post-3475 post type-post status-publish format-standard has-post-thumbnail hentry category-allgemein">
<h2 class="wp-block-post-title has-large-font-size has-body-font-family"><a href="https://orgelbauverein-moelln.de/?p=3475" target="_self" >Orgel-Kurzkonzerte 2026</a></h2>

<figure class="alignwide wp-block-post-featured-image"><a href="https://orgelbauverein-moelln.de/?p=3475" target="_self"  ><img loading="lazy" decoding="async" width="900" height="600" src="https://orgelbauverein-moelln.de/wp-content/uploads/2020/05/Slider1-13.jpg" class="attachment-post-thumbnail size-post-thumbnail wp-post-image" alt="Orgel-Kurzkonzerte 2026" style="object-fit:cover;" srcset="https://orgelbauverein-moelln.de/wp-content/uploads/2020/05/Slider1-13.jpg 900w, https://orgelbauverein-moelln.de/wp-content/uploads/2020/05/Slider1-13-300x200.jpg 300w, https://orgelbauverein-moelln.de/wp-content/uploads/2020/05/Slider1-13-768x512.jpg 768w, https://orgelbauverein-moelln.de/wp-content/uploads/2020/05/Slider1-13-560x372.jpg 560w, https://orgelbauverein-moelln.de/wp-content/uploads/2020/05/Slider1-13-212x140.jpg 212w" sizes="auto, (max-width: 900px) 100vw, 900px" title="Orgel-Kurzkonzerte 2026"></a></figure>

<div class="wp-block-post-excerpt"><p class="wp-block-post-excerpt__excerpt">Sa, 2.5.2026 11:30 Seulgi Yang, Musikhochschule Hamburg Sa, 9.5.2026 11:30 Yeji Yun, Musikhochschule Lübeck Sa, 16.5.2026 11:30 Yewon Choi, Musikhochschule Hamburg Sa, 23.5.2026 11:30 Jonathan Weiler, Musikhochschule Lübeck Sa, 6.6.2026 11:30 Rosemarie Tougas, Musikhochschule Lübeck Sa, 13.6.2026 11:30 Pelageya Kostina, Musikhochschule Lübeck Sa, 20.6.2026 11:30 Schüler:innen der Kreismusikschule Herzogtum Lauenburg Sa, 4.7.2026 11:30 Kurzkonzert Sa,&hellip; </p></div>


<hr class="wp-block-separator has-css-opacity"/>


<a class="wp-block-read-more" href="https://orgelbauverein-moelln.de/?p=3475" target="_self">Weiterlesen<span class="screen-reader-text">: Orgel-Kurzkonzerte 2026</span></a>


</li><li class="wp-block-post post-3459 post type-post status-publish format-standard has-post-thumbnail hentry category-allgemein">
<h2 class="wp-block-post-title has-large-font-size has-body-font-family"><a href="https://orgelbauverein-moelln.de/?p=3459" target="_self" >Orgelkonzerte 2026</a></h2>

<figure class="alignwide wp-block-post-featured-image"><a href="https://orgelbauverein-moelln.de/?p=3459" target="_self"  ><img loading="lazy" decoding="async" width="960" height="600" src="https://orgelbauverein-moelln.de/wp-content/uploads/2014/07/Slider1-6.jpg" class="attachment-post-thumbnail size-post-thumbnail wp-post-image" alt="Orgelkonzerte 2026" style="object-fit:cover;" srcset="https://orgelbauverein-moelln.de/wp-content/uploads/2014/07/Slider1-6.jpg 960w, https://orgelbauverein-moelln.de/wp-content/uploads/2014/07/Slider1-6-300x187.jpg 300w" sizes="auto, (max-width: 960px) 100vw, 960px" title="Orgelkonzerte 2026"></a></figure>

<div class="wp-block-post-excerpt"><p class="wp-block-post-excerpt__excerpt">Sa, 25.4.2026 18:30 Maurits Bunt, Deventer (NL) Sa, 30.5.2026 21:00 Susanne Bornholdt Sa, 27.6.2026 18:30 Hans-Jürgen Schnoor, Lübeck Sa, 25.7.2026 21:00 Antonio Di Dedda, Hamburg Sa, 9.8.2026 18:00 Benefizkonzert: „Du meine Seele singe“ Mit Werken von Crüger, Haßler, Scheidemann und Bach Uta Singer (Sopran) Jakob Jänig (Baß) Hartmut Ledeboer (Blockflöte) Volker Jänig (Orgel) Benefizkonzert zugunsten&hellip; </p></div>


<hr class="wp-block-separator has-css-opacity"/>


<a class="wp-block-read-more" href="https://orgelbauverein-moelln.de/?p=3459" target="_self">Weiterlesen<span class="screen-reader-text">: Orgelkonzerte 2026</span></a>


</li></ul></div>
