{"id":1435,"date":"2016-05-22T15:36:29","date_gmt":"2016-05-22T13:36:29","guid":{"rendered":"http:\/\/orgelbauverein-moelln.de\/?page_id=1435"},"modified":"2022-05-24T01:04:26","modified_gmt":"2022-05-24T00:04:26","slug":"orgelvideo","status":"publish","type":"page","link":"https:\/\/orgelbauverein-moelln.de\/?page_id=1435","title":{"rendered":"Videos zur alten und neuen Orgel"},"content":{"rendered":"\n<hr class=\"wp-block-separator\"\/>\n\n\n\n<h2 class=\"wp-block-heading\">Im April 2022 &#8211; nach Fertigstellung aller Orgelwerke<\/h2>\n\n\n\n<figure class=\"wp-block-video\"><video height=\"720\" style=\"aspect-ratio: 1280 \/ 720;\" width=\"1280\" controls src=\"https:\/\/orgelbauverein-moelln.de\/wp-content\/uploads\/2022\/05\/Scherer-Buenting-Orgel-St.-Nicolai-Kirche-zu-Moelln-Dick-Koomans-Psalm-113.m4v\"><\/video><figcaption>Dick Koomans &#8211; Psalm 113<br><\/figcaption><\/figure>\n\n\n\n<hr class=\"wp-block-separator\"\/>\n\n\n\n<p><\/p>\n\n\n\n<h2 class=\"wp-block-heading\">Am 3. Advent 2021 &#8211; nach Fertigstellung des R\u00fcckpositivs<\/h2>\n\n\n\n<figure class=\"wp-block-video\"><video height=\"480\" style=\"aspect-ratio: 848 \/ 480;\" width=\"848\" controls src=\"https:\/\/orgelbauverein-moelln.de\/wp-content\/uploads\/2022\/05\/Scherer-Buenting-Orgel-St.-Nicolai-Kirche-zu-Moelln-Rueckpositiv-Fa.-Flentrop-2022.m4v\"><\/video><figcaption>Johann Adam Reincken (1643-1722) &#8222;Fuge in g-moll&#8220;<br>Organist Dick Koomans<br>Photos, Audio u. Editing: Dick Koomans<br>Video: Klaas Koelewijn<br><\/figcaption><\/figure>\n\n\n\n<p><\/p>\n\n\n\n<p><\/p>\n\n\n\n<hr class=\"wp-block-separator\"\/>\n\n\n\n<h2 class=\"wp-block-heading\">NDR Schleswig-Hostein Magazin vom 29.08.2021<\/h2>\n\n\n\n<h2 class=\"wp-block-heading\">&#8222;Scherer-B\u00fcntig-Orgel in M\u00f6lln: Erste Pfeifen sind zur\u00fcck&#8220;<\/h2>\n\n\n\n<figure class=\"wp-block-video\"><video height=\"360\" style=\"aspect-ratio: 640 \/ 360;\" width=\"640\" controls src=\"https:\/\/orgelbauverein-moelln.de\/wp-content\/uploads\/2022\/02\/Schleswig-Holstein-Magazin-Scherer-Buenting-Orgel-in-Moelln_-Erste-Pfeifen-sind-zurueck-1308192701.mp4\"><\/video><\/figure>\n\n\n\n<p><\/p>\n\n\n\n<p><\/p>\n\n\n\n<p><\/p>\n\n\n\n<hr class=\"wp-block-separator\"\/>\n\n\n\n<h2 class=\"wp-block-heading\">Vor der Orgelrestaurierung<\/h2>\n\n\n<h4>Fernsehbeitrag des NDR &#8222;Sanierung der historischen Orgel in der St. Nicolai Kirche in M\u00f6lln beginnt&#8220; aus der Sendung &#8222;Schleswig-Holstein Magazin&#8220; vom 25.09.2018<\/h4>\n<div style=\"width: 720px;\" class=\"wp-video\"><video class=\"wp-video-shortcode\" id=\"video-1435-1\" width=\"720\" height=\"576\" preload=\"metadata\" controls=\"controls\"><source type=\"video\/mp4\" src=\"https:\/\/orgelbauverein-moelln.de\/wp-content\/uploads\/2019\/11\/Video-NDR-20180925.m4v?_=1\" \/><a href=\"https:\/\/orgelbauverein-moelln.de\/wp-content\/uploads\/2019\/11\/Video-NDR-20180925.m4v\">https:\/\/orgelbauverein-moelln.de\/wp-content\/uploads\/2019\/11\/Video-NDR-20180925.m4v<\/a><\/video><\/div>\n<p>\u00a9&nbsp;Ver\u00f6ffentlichung genehmigt vom Justitiariat des Norddeutschen Rundfunks am 16.10.2019<\/p>\n<p>[hr style=&#8220;solid|dash|dot&#8220;]<\/p>\n<h4>Interview mit dem langj\u00e4hrigen Organisten der M\u00f6llner St. Nicolai-Kirche Volker J\u00e4nig 2010 zur Bedeutung der Orgel und zur Notwendigkeit ihres Restaurations-Neubaus<\/h4>\n<p><iframe loading=\"lazy\" title=\"Die Orgel in St. Nicolai zu M\u00f6lln\/Lbg. und ihre Neu-Restaurierung\" width=\"500\" height=\"375\" src=\"https:\/\/www.youtube.com\/embed\/OsPBlJ1Wd2g?feature=oembed\" frameborder=\"0\" allow=\"accelerometer; autoplay; clipboard-write; encrypted-media; gyroscope; picture-in-picture; web-share\" referrerpolicy=\"strict-origin-when-cross-origin\" allowfullscreen><\/iframe><\/p>\n<p><\/p>","protected":false},"excerpt":{"rendered":"<p>Im April 2022 &#8211; nach Fertigstellung aller Orgelwerke Am 3. Advent 2021 &#8211; nach Fertigstellung des R\u00fcckpositivs NDR Schleswig-Hostein Magazin vom 29.08.2021 &#8222;Scherer-B\u00fcntig-Orgel in M\u00f6lln: Erste Pfeifen sind zur\u00fcck&#8220; Vor der Orgelrestaurierung Fernsehbeitrag des NDR &#8222;Sanierung der historischen Orgel in der St. Nicolai Kirche in M\u00f6lln beginnt&#8220; aus der Sendung &#8222;Schleswig-Holstein Magazin&#8220; vom 25.09.2018 \u00a9&nbsp;Ver\u00f6ffentlichung [&hellip;]<\/p>\n","protected":false},"author":4,"featured_media":0,"parent":623,"menu_order":0,"comment_status":"closed","ping_status":"closed","template":"page-full-width.php","meta":{"footnotes":""},"class_list":["post-1435","page","type-page","status-publish","hentry"],"_links":{"self":[{"href":"https:\/\/orgelbauverein-moelln.de\/index.php?rest_route=\/wp\/v2\/pages\/1435","targetHints":{"allow":["GET"]}}],"collection":[{"href":"https:\/\/orgelbauverein-moelln.de\/index.php?rest_route=\/wp\/v2\/pages"}],"about":[{"href":"https:\/\/orgelbauverein-moelln.de\/index.php?rest_route=\/wp\/v2\/types\/page"}],"author":[{"embeddable":true,"href":"https:\/\/orgelbauverein-moelln.de\/index.php?rest_route=\/wp\/v2\/users\/4"}],"replies":[{"embeddable":true,"href":"https:\/\/orgelbauverein-moelln.de\/index.php?rest_route=%2Fwp%2Fv2%2Fcomments&post=1435"}],"version-history":[{"count":66,"href":"https:\/\/orgelbauverein-moelln.de\/index.php?rest_route=\/wp\/v2\/pages\/1435\/revisions"}],"predecessor-version":[{"id":2993,"href":"https:\/\/orgelbauverein-moelln.de\/index.php?rest_route=\/wp\/v2\/pages\/1435\/revisions\/2993"}],"up":[{"embeddable":true,"href":"https:\/\/orgelbauverein-moelln.de\/index.php?rest_route=\/wp\/v2\/pages\/623"}],"wp:attachment":[{"href":"https:\/\/orgelbauverein-moelln.de\/index.php?rest_route=%2Fwp%2Fv2%2Fmedia&parent=1435"}],"curies":[{"name":"wp","href":"https:\/\/api.w.org\/{rel}","templated":true}]}}

<hr class="wp-block-separator"/>



<h2 class="wp-block-heading">Im April 2022 &#8211; nach Fertigstellung aller Orgelwerke</h2>



<figure class="wp-block-video"><video height="720" style="aspect-ratio: 1280 / 720;" width="1280" controls src="https://orgelbauverein-moelln.de/wp-content/uploads/2022/05/Scherer-Buenting-Orgel-St.-Nicolai-Kirche-zu-Moelln-Dick-Koomans-Psalm-113.m4v"></video><figcaption>Dick Koomans &#8211; Psalm 113<br></figcaption></figure>



<hr class="wp-block-separator"/>



<p></p>



<h2 class="wp-block-heading">Am 3. Advent 2021 &#8211; nach Fertigstellung des Rückpositivs</h2>



<figure class="wp-block-video"><video height="480" style="aspect-ratio: 848 / 480;" width="848" controls src="https://orgelbauverein-moelln.de/wp-content/uploads/2022/05/Scherer-Buenting-Orgel-St.-Nicolai-Kirche-zu-Moelln-Rueckpositiv-Fa.-Flentrop-2022.m4v"></video><figcaption>Johann Adam Reincken (1643-1722) &#8222;Fuge in g-moll&#8220;<br>Organist Dick Koomans<br>Photos, Audio u. Editing: Dick Koomans<br>Video: Klaas Koelewijn<br></figcaption></figure>



<p></p>



<p></p>



<hr class="wp-block-separator"/>



<h2 class="wp-block-heading">NDR Schleswig-Hostein Magazin vom 29.08.2021</h2>



<h2 class="wp-block-heading">&#8222;Scherer-Büntig-Orgel in Mölln: Erste Pfeifen sind zurück&#8220;</h2>



<figure class="wp-block-video"><video height="360" style="aspect-ratio: 640 / 360;" width="640" controls src="https://orgelbauverein-moelln.de/wp-content/uploads/2022/02/Schleswig-Holstein-Magazin-Scherer-Buenting-Orgel-in-Moelln_-Erste-Pfeifen-sind-zurueck-1308192701.mp4"></video></figure>



<p></p>



<p></p>



<p></p>



<hr class="wp-block-separator"/>



<h2 class="wp-block-heading">Vor der Orgelrestaurierung</h2>


<h4>Fernsehbeitrag des NDR &#8222;Sanierung der historischen Orgel in der St. Nicolai Kirche in Mölln beginnt&#8220; aus der Sendung &#8222;Schleswig-Holstein Magazin&#8220; vom 25.09.2018</h4>
<div style="width: 720px;" class="wp-video"><video class="wp-video-shortcode" id="video-1435-1" width="720" height="576" preload="metadata" controls="controls"><source type="video/mp4" src="https://orgelbauverein-moelln.de/wp-content/uploads/2019/11/Video-NDR-20180925.m4v?_=1" /><a href="https://orgelbauverein-moelln.de/wp-content/uploads/2019/11/Video-NDR-20180925.m4v">https://orgelbauverein-moelln.de/wp-content/uploads/2019/11/Video-NDR-20180925.m4v</a></video></div>
<p>©&nbsp;Veröffentlichung genehmigt vom Justitiariat des Norddeutschen Rundfunks am 16.10.2019</p>
<p>[hr style=&#8220;solid|dash|dot&#8220;]</p>
<h4>Interview mit dem langjährigen Organisten der Möllner St. Nicolai-Kirche Volker Jänig 2010 zur Bedeutung der Orgel und zur Notwendigkeit ihres Restaurations-Neubaus</h4>
<p><iframe loading="lazy" title="Die Orgel in St. Nicolai zu Mölln/Lbg. und ihre Neu-Restaurierung" width="500" height="375" src="https://www.youtube.com/embed/OsPBlJ1Wd2g?feature=oembed" frameborder="0" allow="accelerometer; autoplay; clipboard-write; encrypted-media; gyroscope; picture-in-picture; web-share" referrerpolicy="strict-origin-when-cross-origin" allowfullscreen></iframe></p>
<p></p>

<p>Im April 2022 &#8211; nach Fertigstellung aller Orgelwerke Am 3. Advent 2021 &#8211; nach Fertigstellung des Rückpositivs NDR Schleswig-Hostein Magazin vom 29.08.2021 &#8222;Scherer-Büntig-Orgel in Mölln: Erste Pfeifen sind zurück&#8220; Vor der Orgelrestaurierung Fernsehbeitrag des NDR &#8222;Sanierung der historischen Orgel in der St. Nicolai Kirche in Mölln beginnt&#8220; aus der Sendung &#8222;Schleswig-Holstein Magazin&#8220; vom 25.09.2018 ©&nbsp;Veröffentlichung [&hellip;]</p>
